{"id":45,"date":"2019-09-08T15:53:09","date_gmt":"2019-09-08T15:53:09","guid":{"rendered":"http:\/\/localhost\/?page_id=45"},"modified":"2025-04-15T11:52:23","modified_gmt":"2025-04-15T08:52:23","slug":"main","status":"publish","type":"page","link":"https:\/\/www.reposalmenvenekerho.fi\/?page_id=45","title":{"rendered":"Reposalmen venekerho Ry"},"content":{"rendered":"\r\n<p>Reposalmen venekerho ry on perustettu vuonna 1975. Se sijaitsee Helsingiss\u00e4, osoitteessa Ilom\u00e4enpolku 6, 00840 Helsinki. Koordinaatit ovat N 60 10\u00b448\u00b4\u00b4, E 25 03\u00b451\u00b4\u00b4.<\/p>\r\n\r\n\r\n\r\n<p>Venekerholla on kaksi laituria, joissa yhteens\u00e4 58+1 paikkaa. Venekerholla ei ole vieraspaikkoja, ei yleist\u00e4 veneiden lasku-\/nostoluiskaa eik\u00e4 septitankkia. J\u00e4seni\u00e4 on yhteens\u00e4 106.<\/p>\r\n\r\n\r\n\r\n<p>Venekerho on Helsingin Kaupungin Kulttuurin ja vapaa-ajan toimialan Liikuntapalveluiden vuokralainen.<\/p>\r\n\r\n\r\n\r\n<p>Venekerho on Suomen Purjehdus ja Veneily ryn (SPV) j\u00e4sen ja tukee toiminnallaan Meripelastusseuran toimintaa. Kerholla on ministeri\u00f6n vahvistama lippu ja viiri.<\/p>\r\n\r\n\r\n\r\n\r\n\r\n<p>&nbsp;<\/p>\r\n<p><strong><a href=\"https:\/\/www.reposalmenvenekerho.fi\/wp-content\/uploads\/2020\/04\/RSVK-s\u00e4\u00e4nn\u00f6t-2016.pdf\">Reposalmen venekerhon s\u00e4\u00e4nn\u00f6t<\/a><\/strong><\/p>\r\n<p><a href=\"https:\/\/www.reposalmenvenekerho.fi\/wp-content\/uploads\/2020\/04\/TIETOSUOJASELOSTE-jasenrekisterista.pdf\"><strong>Tietosuojaseloste j\u00e4senrekisterist\u00e4<\/strong><\/a><\/p>\r\n<p>&nbsp;<\/p>\r\n\r\n\r\n\r\n<p><strong>Linkkej\u00e4<\/strong><\/p>\r\n\r\n\r\n\r\n<p>Suomen Purjehdus ja Veneily ry<br><a href=\"http:\/\/www.spv.fi\">http:\/\/www.spv.fi<\/a><\/p>\r\n\r\n\r\n\r\n<p>Helsingin Meripelastusyhdistys<br><a href=\"https:\/\/meripelastus.fi\/helsinki\/\">https:\/\/meripelastus.fi\/helsinki\/<\/a><\/p>\r\n\r\n\r\n\r\n<p>Pid\u00e4 Saaristo Siistin\u00e4 ry<br><a href=\"https:\/\/www.pidasaaristosiistina.fi\/\">https:\/\/www.pidasaaristosiistina.fi\/<\/a><\/p>\r\n","protected":false},"excerpt":{"rendered":"<p>Reposalmen venekerho ry on perustettu vuonna 1975. Se sijaitsee Helsingiss\u00e4, osoitteessa Ilom\u00e4enpolku 6, 00840 Helsinki. Koordinaatit ovat N 60 10\u00b448\u00b4\u00b4, E 25 03\u00b451\u00b4\u00b4. Venekerholla on kaksi laituria, joissa yhteens\u00e4 58+1 paikkaa. Venekerholla ei ole vieraspaikkoja, ei yleist\u00e4 veneiden lasku-\/nostoluiskaa eik\u00e4 septitankkia. J\u00e4seni\u00e4 on yhteens\u00e4 106. Venekerho on Helsingin Kaupungin Kulttuurin ja vapaa-ajan toimialan Liikuntapalveluiden vuokralainen. [&hellip;]<\/p>\n","protected":false},"author":1,"featured_media":0,"parent":0,"menu_order":0,"comment_status":"closed","ping_status":"closed","template":"","meta":{"ngg_post_thumbnail":0},"_links":{"self":[{"href":"https:\/\/www.reposalmenvenekerho.fi\/index.php?rest_route=\/wp\/v2\/pages\/45"}],"collection":[{"href":"https:\/\/www.reposalmenvenekerho.fi\/index.php?rest_route=\/wp\/v2\/pages"}],"about":[{"href":"https:\/\/www.reposalmenvenekerho.fi\/index.php?rest_route=\/wp\/v2\/types\/page"}],"author":[{"embeddable":true,"href":"https:\/\/www.reposalmenvenekerho.fi\/index.php?rest_route=\/wp\/v2\/users\/1"}],"replies":[{"embeddable":true,"href":"https:\/\/www.reposalmenvenekerho.fi\/index.php?rest_route=%2Fwp%2Fv2%2Fcomments&post=45"}],"version-history":[{"count":9,"href":"https:\/\/www.reposalmenvenekerho.fi\/index.php?rest_route=\/wp\/v2\/pages\/45\/revisions"}],"predecessor-version":[{"id":265,"href":"https:\/\/www.reposalmenvenekerho.fi\/index.php?rest_route=\/wp\/v2\/pages\/45\/revisions\/265"}],"wp:attachment":[{"href":"https:\/\/www.reposalmenvenekerho.fi\/index.php?rest_route=%2Fwp%2Fv2%2Fmedia&parent=45"}],"curies":[{"name":"wp","href":"https:\/\/api.w.org\/{rel}","templated":true}]}}